 to base 12
-8415
-13466 (base 7) to base 15
-114e
What is 11322102 (base 4) in base 2?
101111010010010
What is 3a985 (base 11) in base 4?
32100233
What is -1144312 (base 5) in base 8?
-52510
What is -2134 (base 8) in base 2?
-10001011100
What is -3210 (base 5) in base 10?
-430
Convert -3221 (base 4) to base 2.
-11101001
Convert -1123313 (base 4) to base 16.
-16f7
Convert -40013 (base 5) to base 11.
-1980
1267 (base 9) to base 16
3b8
Convert -6176 (base 8) to base 5.
-100243
What is -25135 (base 8) in base 11?
-816a
What is 507 (base 9) in base 6?
1524
Convert -110111001000 (base 2) to base 7.
-13200
What is -1b49 (base 16) in base 11?
-5280
-55330 (base 7) to base 10
-13888
213 (base 10) to base 2
11010101
Convert -3429 (base 11) to base 7.
-16100
Convert bd (base 16) to base 12.
139
What is 21ab7 (base 12) in base 5?
2413104
What is -3691 (base 10) in base 8?
-7153
What is -2b99 (base 12) in base 16?
-1425
What is -21130310 (base 4) in base 6?
-455112
-4c86 (base 16) to base 7
-111054
What is -4687 (base 9) in base 10?
-3481
What is 2005 (base 6) in base 11?
368
Convert 52a (base 11) to base 4.
21331
What is 12b1 (base 16) in base 11?
3660
What is -447 (base 11) in base 15?
-25a
Convert 2340 (base 6) to base 14.
2c4
-1001012100 (base 3) to base 16
-504c
Convert -63b (base 15) to base 2.
-10101111110
Convert 1113021 (base 4) to base 9.
7576
What is -680 (base 11) in base 10?
-814
What is 18c (base 14) in base 8?
500
-8 (base 15) to base 16
-8
Convert 2342 (base 6) to base 7.
1436
-1503 (base 7) to base 8
-1117
What is -145 (base 16) in base 13?
-1c0
What is 50013 (base 6) in base 10?
6489
What is -45d9 (base 16) in base 2?
-100010111011001
What is -31203 (base 4) in base 3?
-1012010
What is -30241 (base 5) in base 10?
-1946
Convert 10174 (base 9) to base 11.
504a
622 (base 14) to base 15
556
What is -3dc1 (base 16) in base 7?
-64043
What is -8aa (base 11) in base 15?
-4c8
-3806 (base 9) to base 14
-106d
What is 113 (base 14) in base 6?
553
-265 (base 7) to base 15
-9a
Convert 100010000001110 (base 2) to base 8.
42016
2144141 (base 5) to base 9
56288
What is -4201 (base 8) in base 6?
-14025
Convert 1001011001010 (base 2) to base 5.
123220
241024 (base 5) to base 13
407a
-1120102 (base 3) to base 2
-10001111001
What is 11000103 (base 4) in base 6?
234523
What is -3033123 (base 4) in base 8?
-31733
Convert 1022012 (base 4) to base 13.
220a
What is 1855 (base 9) in base 8?
2623
Convert 11100 (base 5) to base 14.
3d5
What is 3e (base 15) in base 2?
111011
2201212 (base 4) to base 16
2866
-2141 (base 9) to base 10
-1576
Convert -127006 (base 9) to base 15.
-17d70
What is 27070 (base 10) in base 5?
1331240
-11947 (base 13) to base 15
-98ad
Convert 111100110010 (base 2) to base 6.
30002
-65 (base 9) to base 12
-4b
Convert -375 (base 11) to base 8.
-675
What is 422444 (base 5) in base 8?
33454
Convert 22302 (base 4) to base 12.
496
What is 1682 (base 10) in base 11?
129a
Convert -55 (base 14) to base 11.
-69
130050 (base 6) to base 12
6926
What is -502435 (base 6) in base 4?
-21220313
What is -232 (base 15) in base 10?
-497
Convert -100201202 (base 3) to base 9.
-10652
Convert -22278 (base 9) to base 4.
-3213131
-16 (base 7) to base 13
-10
1003 (base 12) to base 4
123003
211201 (base 3) to base 10
613
Convert -21223 (base 4) to base 3.
-211221
Convert -5157 (base 13) to base 9.
-16353
-bc4 (base 16) to base 9
-4116
21311103 (base 4) to base 12
1b383
Convert -102002 (base 4) to base 7.
-3236
What is 1196 (base 11) in base 2?
11000010101
Convert 11321323 (base 4) to base 15.
7277
What is -1202 (base 3) in base 13?
-38
102221010 (base 3) to base 12
5049
4496 (base 14) to base 2
10111001110100
Convert 11100000 (base 2) to base 11.
194
What is -408 (base 16) in base 2?
-10000001000
What is -12115 (base 8) in base 15?
-1817
Convert -120202 (base 3) to base 14.
-225
What is -1a74 (base 11) in base 8?
-5076
What is -395a1 (base 12) in base 13?
-29a13
-1979 (base 11) to base 2
-100111001010
-103304 (base 5) to base 4
-313323
What is -111010000 (base 2) in base 4?
-13100
-3404 (base 5) to base 2
-111011111
Convert 502 (base 8) to base 13.
1ba
100310212 (base 4) to base 5
4201102
What is -444131 (base 5) in base 8?
-36265
Convert -126145 (base 7) to base 14.
-8925
What is 31011 (base 6) in base 2?
1000000001111
9931 (base 10) to base 3
111121211
Convert 10122 (base 4) to base 11.
237
What is -15132 (base 8) in base 15?
-1eeb
2202 (base 3) to base 15
4e
Convert 100111100 (base 2) to base 7.
631
136 (base 11) to base 8
240
-2359 (base 10) to base 7
-6610
Convert 4443 (base 5) to base 7.
1550
What is -37167 (base 8) in base 15?
-4b11
12054 (base 8) to base 5
131124
What is -3022000 (base 4) in base 11?
-9793
-1001111101010 (base 2) to base 8
-11752
What is 241a (base 13) in base 11?
3910
Convert -1411 (base 9) to base 12.
-747
What is 54120 (base 6) in base 14?
29a0
What is 331210 (base 4) in base 9?
5357
132023 (base 6) to base 8
27517
Convert -631 (base 16) to base 6.
-11201
Convert 4676 (base 14) to base 13.
576a
What is 164 (base 8) in base 2?
1110100
-268 (base 10) to base 13
-178
Convert 22210011 (base 3) to base 5.
201103
-7587 (base 12) to base 5
-403134
402222 (base 5) to base 13
5aa7
-317 (base 10) to base 14
-189
What is 110312 (base 5) in base 15?
1207
What is 3441 (base 5) in base 13?
2c2
1396 (base 13) to base 9
3781
What is 100224 (base 7) in base 5?
1020143
What is -212021 (base 5) in base 9?
-10708
-2 (base 9) to base 11
-2
-10110000111 (base 2) to base 6
-10315
2440 (base 8) to base 14
69a
What is -1115b (base 14) in base 8?
-120735
Convert 21224 (base 5) to base 13.
869
-a7a7 (base 11) to base 5
-424044
What is -36d (base 14) in base 5?
-10220
Convert -4a60 (base 16) to base 14.
-6d20
-24420 (base 5) to base 11
-1441
What is -1101001100011 (base 2) in base 12?
-3aab
10 (base 6) to base 14
6
Convert 1c0ac (base 13) to base 9.
83475
-173 (base 13) to base 2
-100000111
What is 100121111 (base 3) in base 15?
2121
23206 (base 8) to base 4
2122012
436 (base 15) to base 2
1110110111
269 (base 14) to base 13
2b4
Convert 164b (base 12) to base 5.
41101
Convert -111111111010 (base 2) to base 4.
-333322
-14264 (base 8) to base 16
-18b4
-ab86 (base 16) to base 9
-66208
What is 12137 (base 8) in base 16?
145f
-2323 (base 6) to base 15
-270
1100 (base 8) to base 6
2400
1c21 (base 14) to base 16
1405
-3213112 (base 4) to base 10
-14806
Convert 10144 (base 6) to base 2.
10101010000
What is 272 (base 12) in base 7?
1043
Convert -11110111010 (base 2) to base 5.
-30403
What is 3001130 (base 4) in base 12?
71b8
Convert 6 (base 14) to base 9.
6
Convert -22010 (base 3) to base 9.
-263
What is 4929 (base 10) in base 15?
16d9
What is -11ce0 (base 16) in base 4?
-101303200
Convert 663 (base 12) to base 5.
12224
-1843 (base 10) to base 13
-aba
Convert -54353 (base 7) to base 16.
-34fa
What is -cc6 (base 16) in base 9?
-4433
Convert 330 (base 8) to base 5.
1331
What is 6693 (base 13) in base 15?
4396
What is -32531 (base 8) in base 6?
-143121
Convert -19130 (base 10) to base 4.
-10222322
What is 11000002 (base 3) in base 14?
10c6
Convert 652 (base 13) to base 15.
4c1
What is -73482 (base 10) in base 6?
-1324110
70 (base 9) to base 14
47
1483 (base 9) to base 7
3201
What is 37cf (base 16) in base 3?
201121011
Convert 1001010000100 (base 2) to base 14.
1a28
What is -342 (base 14) in base 4?
-22012
What is 111210 (base 3) in base 2?
101110100
What is -12 (base 14) in base 15?
-11
Convert -104300 (base 5) to base 14.
-14c4
-4402 (base 5) to base 16
-25a
What is 3129 (base 11) in base 9?
5615
1526 (base 7) to base 3
211112
What is 3690 (base 14) in base 16?
253e
What is a22 (base 14) in base 3?
2201201
Convert 4415 (base 12) to base 3.
101021222
Convert -110100001010 (base 2) to base 7.
-12506
What is 442 (base 6) in base 2?
10101010
-2802 (base 13) to base 6
-42340
What is -10030 (base 4) in base 12?
-1a4
Convert -6a (base 16) to base 15.
-71
-365 (base 10) to base 13
-221
-23 (base 16) to base 3
-1022
What is -13 (base 7) in base 4?
-22
-2812 (base 9) to base 8
-4105
Convert 33312 (base 4) to base 7.
2646
What is a7a0 (base 12) in base 5?
1042113
Convert 374 (base 10) to base 4.
11312
227 (base 15) to base 11
403
Convert 1011 (base 10) to base 15.
476
What is -1b048 (bas